10
Let v(l) = 6*l**2 - 1. Let q be v(1). Suppose -30 = -2*t + p - 7, 0 = -q*p + 15. Let j = -57 - -64. Calculate the remainder when t is divided by j.
6
Suppose -156 = -11*t + 8*t. Calculate the remainder when t is divided by 14.
10
Calculate the remainder when 23 is divided by 3*(-9)/(-3) - 1.
7
Suppose -2 = -z - 2*n, -4*n = -3*n - 2. Suppose -2*c - 5*p = -4*p - 14, 5*p = -2*c + 14. Calculate the remainder when (-82)/(-4) - z/(-4) is divided by c.
6
Suppose -5*q = -5*f - 175, -3*f - 25 = 4*q - 5*q. Suppose -5 = 3*y + q. Let g = 37 + y. Calculate the remainder when g is divided by 12.
10
Suppose -3*k + 45 + 33 = 0. What is the remainder when ((-17)/2)/(2/(-12)) is divided by k?
25
Let f be 30/12*(-6)/5. What is the remainder when (-2)/(23/8 + f) is divided by 9?
7
Suppose 0 = -5*i + 10*i - 615. Let u be (-1)/2 - (-11)/2. Suppose 2 = u*r - i. Calculate the remainder when r is divided by 13.
12
Let f = -7 + 2. Let n(r) = 6 + 1 + r - 9*r - r**2. Calculate the remainder when n(f) is divided by 8.
6
Let d = -5 + 7. What is the remainder when (d - 1)/((-4)/(-68)) is divided by 10?
7
Let r(p) = p**3 + 14*p**2 + 23*p + 19. What is the remainder when r(-12) is divided by 16?
15
Suppose 3*v = 3*l - 192, -2*v + 6*v = 4. Calculate the remainder when l is divided by 35.
30
Let r be (1/3)/(4/36). Suppose r*l = g + 82, -2*g = 4*l - 3*g - 108. Calculate the remainder when 49 is divided by l.
23
Suppose 7*u - 33 = 2*u + 4*g, 3*u = 3*g + 21. What is the remainder when 12 is divided by u?
2
What is the remainder when 16 is divided by (1/(-1))/(3/(-18))?
4
Let k(z) = z**3 - 5*z**2 + 5*z + 15. Calculate the remainder when k(7) is divided by 50.
48
What is the remainder when 52 is divided by (14/28)/((-2)/(-72))?
16
Let o be 0/(-3*(-6)/9). Suppose 3*n + n = o. What is the remainder when n + 22 - (5 - 6) is divided by 8?
7
What is the remainder when (-2)/(-6) + 59/3 is divided by 7?
6
Let y = -7 + 22. Suppose 25*b + 84 = 27*b. What is the remainder when b is divided by y?
12
Suppose 0*l - 5*l - 20 = 0. Let a = -3 - l. Suppose -2*p = -0*p - 2. Calculate the remainder when p is divided by a.
0
What is the remainder when -2*(-6)/2 - -2 is divided by 2?
0
Suppose -5*x - l = -5*l - 229, 2*x - 87 = -3*l. Suppose 2*t = 3*y + 18, 3*t + 2*y - 38 = y. What is the remainder when x is divided by t?
9
Let d(h) = h**2 + 5*h + 6. Let j(c) = -c**3 - 6*c**2 + c + 1. Let i be j(-6). Calculate the remainder when 15 is divided by d(i).
3
Let d = -13 - -11. Calculate the remainder when (42/4)/((-1)/d) is divided by 6.
3
Suppose 4*g + 2*f = 66, 0 = -5*g + f + 91 - 26. Let n = 118 - 22. Let t = -55 + n. What is the remainder when t is divided by g?
13
Suppose -2*a - 2*a - 148 = 0. Suppose 3*l - 109 + 43 = 0. Calculate the remainder when l is divided by a/(-3) + 1/(-3).
10
What is the remainder when (-95 + 0 + -2)*-1 is divided by 33?
31
Let m be (235/10)/(1/2). What is the remainder when (4 - 5)/((-1)/m) is divided by 16?
15
Let t be ((-6)/18)/((-2)/24). What is the remainder when 44 is divided by 1 - 14/(-4)*t?
14
Calculate the remainder when 4/(-16)*-353 + (-2)/8 is divided by 18.
16
Suppose 3*p - p - 2*w = 64, 0 = 3*p - w - 106. Calculate the remainder when p is divided by 19.
18
Let g(l) = l**2 + 3*l. Let f be g(-4). Suppose -s - f = -3*s, -i + 5*s - 6 = 0. Calculate the remainder when 10 is divided by i.
2
Let t = 4 - -1. Let n = t - 1. Suppose 2*v = n*l - 0*v - 116, l = -3*v + 43. Calculate the remainder when l is divided by 11.
9
Suppose 0*v = 5*v - 10. Let l be (-18)/(-6) - (-33)/3. Suppose v*a - l = a. Calculate the remainder when a is divided by 8.
6
Let u = -9 + 11. Suppose 3*m + 14 = -u*x + 63, -3*m + 2*x = -65. What is the remainder when m is divided by 5?
4
Suppose 0 = 2*k - 4 - 6. Suppose -4*a - 16 = -0*v - v, -2*v + 19 = k*a. Suppose 5 = r - 0*r. What is the remainder when v is divided by r?
2
Let v(y) = y + 5. Let u be v(-5). Let l be u/2*3/6. Suppose 4*q - 5*k - 83 = 0, l = -2*k + 8 + 2. Calculate the remainder when q is divided by 7.
6
Let b(i) = -2*i**3 + 2*i**2 + 1. Let a be b(-2). Let j = a - -34. Calculate the remainder when j is divided by 31.
28
Suppose 4*f + 44 = m, 0 = 2*f + 2*m + m + 36. What is the remainder when 27 is divided by 15/20 + (-111)/f?
7
Let s(o) = 4*o**2 + o + 6. What is the remainder when s(4) is divided by 16?
10
Suppose 0*y = 3*y - 27. What is the remainder when 32 is divided by y?
5
Let w = 11 - 6. Suppose -2*h = -w*o - 61, 2*h - 158 = -2*h - 2*o. Let f(t) = -t**2 + 9*t - 5. Calculate the remainder when h is divided by f(6).
12
Suppose -2*l + 27 = 3*o - 24, -3*l - o = -66. Let r be 6/l - (-5)/7. Suppose -k + r = -9. Calculate the remainder when k is divided by 4.
2
Suppose 2*n - 5 = 5. Let t = 5 + n. Suppose 3*f - 29 = 2*f. What is the remainder when f is divided by t?
9
Let s(m) = -m**2 + 10*m - 7. What is the remainder when 605/22*(-12)/(-10) is divided by s(6)?
16
Let u = -6 - -10. Suppose 5*i + 52 = u*w, 0 = 3*i - w + 27 - 0. Let s = i + 15. Calculate the remainder when 13 is divided by s.
6
Let r = 28 + -19. Calculate the remainder when 31 is divided by r.
4
Let q(n) = n. Let d be ((-2)/(-1) + 0)*3. Let r be q(d). Let x = 15 - r. What is the remainder when 17 is divided by x?
8
Suppose 0 = 4*y + 2*y - 294. Calculate the remainder when y is divided by 13.
10
Let i(x) = x**2 + 6*x - 3. Calculate the remainder when i(-12) is divided by 19.
12
Suppose 0 = 3*t + j - 63, 0 = -6*t + 2*t + 3*j + 71. Calculate the remainder when 58 is divided by t.
18
Suppose -48 = 3*j - 2*j. Let s = j - -68. Suppose 4*r = -3*n + 2 - 1, 4 = 2*n + 2*r. What is the remainder when s is divided by n?
6
Let f = -33 + 173. Suppose -5*k - d + 0*d + 160 = 0, 5*d = -5*k + f. Calculate the remainder when k is divided by 7.
5
Suppose 1 - 13 = -4*b. Calculate the remainder when 4 is divided by b.
1
Suppose 3*b - 16 - 14 = 0. What is the remainder when 19 is divided by b?
9
Suppose 21 = 3*u - 15. What is the remainder when 44 is divided by u?
8
Suppose -4*d - 3*p = -181, 3*d = 5*d + 2*p - 88. Calculate the remainder when d is divided by 25.
24
Calculate the remainder when -7*(516/(-28) - -1) is divided by 32.
26
Suppose r - 4 = -4*i, -4*i = 4*r - 0*r + 8. Suppose i*k + a + 38 = 4*k, 4*a + 8 = 0. Calculate the remainder when 34 is divided by k.
16
Let m(f) = -f. Let p be m(-3). Suppose -2*r + 3*z + 43 = 0, 0 = z + 2*z + p. Calculate the remainder when 77 is divided by r.
17
Let l = 47 + -27. What is the remainder when l is divided by 11?
9
Calculate the remainder when 13 is divided by -3 - (0 - -11)*-1.
5
Suppose 5*x - 27 - 98 = 0. Let m = -50 - -98. What is the remainder when m is divided by x?
23
Let n = -40 - -44. What is the remainder when 38 is divided by n?
2
Let p be 6 + (-2 + 4 - 4). Let t = 6 - p. Let h = t + 0. What is the remainder when 6 is divided by h?
0
Let k = -78 - -90. Calculate the remainder when 41 is divided by k.
5
Suppose -17*u + 18*u - 106 = 0. What is the remainder when u is divided by 22?
18
Let j = 29 - 3. Suppose 5*p + j - 221 = 0. What is the remainder when p is divided by 21?
18
Let d be (13*-11)/(1/7). Let c = d + 381. Calculate the remainder when c/(-15) - 2/(-3) is divided by 22.
20
Suppose 6*v = 3*v + 33. Suppose -4*b = -8*b + 384. Let c = b + -65. What is the remainder when c is divided by v?
9
Let f = 41 - 7. Suppose 0 = -5*n + d + 495, 0*n = 4*n + 4*d - 396. What is the remainder when n is divided by f?
31
Suppose -2*h - l = 15, -l - 9 = -4*l. Let m = -1 - h. Let o(s) = s**3 - 7*s**2 - 5*s - 4. Calculate the remainder when o(m) is divided by 7.
6
Let q = 3 + 0. Suppose 58 = 2*x - 4*w, q*x - 87 = -0*x - w. Calculate the remainder when x is divided by 8.
5
Let u(b) = -b**3 - 3*b**2 + 2*b - 3. Suppose 3*r = 5*p + 8, -5*p - 4 + 0 = -4*r. What is the remainder when 13 is divided by u(r)?
3
What is the remainder when 25*((-65)/(-25) + -2) is divided by 4?
3
Let h be 70/(-4)*(-12)/5. Calculate the remainder when 26 is divided by 208/14 - (-6)/h.
11
Let l = -15 - -19. What is the remainder when l is divided by 2?
0
Suppose -h + 9 = 2*g - 0*h, 0 = 3*h + 15. Calculate the remainder when 26 is divided by g.
5
Let p = -8 - -4. Let l = 1 + 21. Let x = l + p. Calculate the remainder when x is divided by 10.
8
Let a(k) = -k**2 + 7*k + 1. What is the r